{"id":259,"date":"2018-08-15T12:26:48","date_gmt":"2018-08-15T12:26:48","guid":{"rendered":"http:\/\/s745703672.online.de\/?page_id=259"},"modified":"2018-08-15T17:07:09","modified_gmt":"2018-08-15T17:07:09","slug":"impressum","status":"publish","type":"page","link":"https:\/\/ra-gerdfriedrich.de\/?page_id=259","title":{"rendered":"Impressum"},"content":{"rendered":"<p><span style=\"font-family: Arial;\"><span style=\"font-size: x-large;\"><i><b>Impressum<\/b><\/i><\/span><\/span><\/p>\n<p>&nbsp;<\/p>\n<p><strong><span style=\"font-family: Arial;\">Rechtsanwaltskanzlei FRIEDRICH<\/span><\/strong><span style=\"font-family: Arial;\"><br \/>\n<\/span><\/p>\n<p><strong><span style=\"font-family: Arial;\">1. Sitz<\/span><\/strong><span style=\"font-family: Arial;\"><br \/>\nLudwigstra\u00dfe 16, 91413 Neustadt a.d. Aisch <\/span><\/p>\n<p>&nbsp;<\/p>\n<p><strong><span style=\"font-family: Arial;\">2. Kontakt<\/span><\/strong><span style=\"font-family: Arial;\"><br \/>\nTelefon: 09161 \/ 88 25 60<br \/>\n<\/span><span style=\"font-family: Arial;\">Telefax: 09161 \/ 88 25 59<\/span><span style=\"font-family: Arial;\"><br \/>\nE-Mail: <a href=\"mailto:Anwalt@RA-GerdFriedrich.de\">Anwalt@RA-GerdFriedrich.de<\/a><\/span><\/p>\n<p>&nbsp;<\/p>\n<p><strong><span style=\"font-family: Arial;\">3. Rechtsform<\/span><\/strong><span style=\"font-family: Arial;\"><br \/>\nRechtsanwalt Gerd Friedrich<\/span><\/p>\n<p>&nbsp;<\/p>\n<p><strong><span style=\"font-family: Arial;\">4. USt IdNr.<\/span><\/strong><span style=\"font-family: Arial;\">\u00a0\u00a0\u00a0\u00a0 <\/span><br \/>\n<span style=\"font-family: Arial;\">DE236546749<\/span><\/p>\n<p>&nbsp;<\/p>\n<p><strong><span style=\"font-family: Arial;\">5. Berufshaftpflichtversicherung<\/span><\/strong><span style=\"font-family: Arial;\"><br \/>\nRechtsanw\u00e4lte sind gem. \u00a7 51 Bundesrechtsanwaltsordnung (BRAO) verpflichtet, eine Berufshaftpflichtversicherung zu unterhalten. Der r\u00e4umliche Geltungsbereich umfasst das EU-Gebiet sowie die Staaten des Abkommens \u00fcber den europ\u00e4ischen Wirtschaftsraum.<\/span><\/p>\n<p><span style=\"font-family: Arial;\">Die Kontaktdaten der Haftpflichtversicherung lauten wie folgt:<\/span><\/p>\n<p><em>AFB GmbH<\/em><br \/>\n<em>Kaistr. 13<\/em><br \/>\n<em><span lang=\"de-DE\">40221 D\u00fcsseldorf<\/span><\/em><\/p>\n<p>&nbsp;<\/p>\n<p><strong><span style=\"font-family: Arial;\">6. Zust\u00e4ndige Kammer und Aufsichtsbeh\u00f6rde<br \/>\n<\/span><\/strong><span style=\"font-family: Arial;\">Rechtsanwalt Friedrich geh\u00f6rt der <a href=\"http:\/\/www.rak-nbg.de\/\">Rechtsanwaltskammer N\u00fcrnberg<\/a> an. Die Zulassung zur Rechtsanwaltschaft bezieht sich auf die Bundesrepublik Deutschland.<\/span><\/p>\n<p>&nbsp;<\/p>\n<p><strong><span style=\"font-family: Arial;\">7. Berufliche Regelungen<\/span><\/strong><span style=\"font-family: Arial;\"><br \/>\nBRAO \u2013 Bundesrechtsanwaltsordnung<br \/>\nBORA \u2013 Berufsordnung f\u00fcr Rechtsanw\u00e4lte<br \/>\nFAO \u2013 Fachanwaltsordnung<br \/>\nRVG \u2013 Rechtsanwaltsverg\u00fctungsgesetz<br \/>\nBRAGO \u2013 Bundesrechtsanwaltsgeb\u00fchrenordnung<br \/>\nCCBE \u2013 Berufsregeln der Rechtsanw\u00e4lte der Europ\u00e4ischen Gemeinschaft<br \/>\nPatAnwO \u2013 Patentanwaltsordnung<br \/>\n<\/span><\/p>\n<p><span style=\"font-family: Arial;\">Die entsprechenden Bestimmungen finden Sie auf den Internet-Seiten der zugeh\u00f6rigen Kammern:<br \/>\nRechtsanwaltskammer: <a href=\"http:\/\/www.brak.de\/\">www.brak.de<\/a><br \/>\n<\/span><\/p>\n<p>&nbsp;<\/p>\n<p><strong><span style=\"font-family: Arial;\">8. Kosten\/Geb\u00fchren<\/span><\/strong><span style=\"font-family: Arial;\"><br \/>\nDie Abrechnung unserer T\u00e4tigkeit erfolgt bei Beauftragung der Rechtsanwaltskanzlei FRIEDRICH nach dem Rechtsanwaltsverg\u00fctungsgesetz (RVG) bzw. nach individuellen Verg\u00fctungsvereinbarungen, die ggf. vor \u00dcbernahme des Mandates vereinbart und in Textform bzw. schriftlich niedergelegt werden.<\/span><\/p>\n<p><span style=\"font-family: Arial;\">Die Wahrnehmung widerstreitender Interessen ist Rechtsanw\u00e4lten aufgrund berufsrechtlicher Regelungen untersagt (\u00a7 43a Abs. 4 BRAO). Vor Annahme eines Mandats wird deshalb immer gepr\u00fcft, ob ein Interessenkonflikt vorliegt.<\/span><\/p>\n<p>&nbsp;<\/p>\n<p><strong><span style=\"font-family: Arial;\">9. Streitbeilegungsverfahren<\/span><\/strong><span style=\"font-family: Arial;\"><br \/>\nSollten Sie mit unseren Leistungen nicht zufrieden sein, wenden Sie sich bitte zun\u00e4chst an uns. Wir nehmen jede Kritik ernst und sind bestrebt, diese konstruktiv mit Ihnen aufzuarbeiten. H\u00e4ufig findet sich in einem gemeinsamen Gespr\u00e4ch eine L\u00f6sung, um k\u00fcnftig wieder vertrauensvoll zusammenarbeiten zu k\u00f6nnen.<\/span><\/p>\n<p><span style=\"font-family: Arial;\">Nach \u00a7 36 Verbraucherstreitbeilegungsgesetz (VSBG) weisen wir auf folgendes hin:<\/span><br \/>\n<span style=\"font-family: Arial;\">Wir sind zur Teilnahme an einem Streitbeilegungsverfahren vor einer Verbraucherschlichtungsstelle weder bereit noch verpflichtet.<\/span><br \/>\n<span style=\"font-family: Arial;\">Den vorgeschriebenen Link zur Plattform der EU zur au\u00dfergerichtlichen Online-Streitbeilegung finden sie <a href=\"https:\/\/webgate.ec.europa.eu\/odr\/main\/index.cfm?event=main.home.chooseLanguage\">hier<\/a>.<\/span><\/p>\n<p>&nbsp;<\/p>\n","protected":false},"excerpt":{"rendered":"<p>Impressum &nbsp; Rechtsanwaltskanzlei FRIEDRICH 1. Sitz Ludwigstra\u00dfe 16, 91413 Neustadt a.d. Aisch &nbsp; 2. Kontakt Telefon: 09161 \/ 88 25 60 Telefax: 09161 \/ 88 25 59 E-Mail: Anwalt@RA-GerdFriedrich.de &nbsp; 3. Rechtsform Rechtsanwalt Gerd Friedrich &nbsp; 4. USt IdNr.\u00a0\u00a0\u00a0\u00a0 DE236546749 &nbsp; 5. Berufshaftpflichtversicherung Rechtsanw\u00e4lte sind gem. \u00a7 51 Bundesrechtsanwaltsordnung (BRAO) verpflichtet, eine Berufshaftpflichtversicherung zu unterhalten.&hellip; <br \/> <a class=\"read-more\" href=\"https:\/\/ra-gerdfriedrich.de\/?page_id=259\">Weiterlesen<\/a><\/p>\n","protected":false},"author":1,"featured_media":0,"parent":0,"menu_order":0,"comment_status":"closed","ping_status":"closed","template":"","meta":{"footnotes":""},"class_list":["post-259","page","type-page","status-publish","hentry"],"yoast_head":"<!-- This site is optimized with the Yoast SEO plugin v27.6 - https:\/\/yoast.com\/product\/yoast-seo-wordpress\/ -->\n<title>Impressum - Rechtsanwalt Friedrich<\/title>\n<meta name=\"description\" content=\"Rechtsanwalt Friedrich Impressum\" \/>\n<meta name=\"robots\" content=\"index, follow, max-snippet:-1, max-image-preview:large, max-video-preview:-1\" \/>\n<link rel=\"canonical\" href=\"https:\/\/ra-gerdfriedrich.de\/?page_id=259\" \/>\n<meta property=\"og:locale\" content=\"de_DE\" \/>\n<meta property=\"og:type\" content=\"article\" \/>\n<meta property=\"og:title\" content=\"Impressum - Rechtsanwalt Friedrich\" \/>\n<meta property=\"og:description\" content=\"Rechtsanwalt Friedrich Impressum\" \/>\n<meta property=\"og:url\" content=\"https:\/\/ra-gerdfriedrich.de\/?page_id=259\" \/>\n<meta property=\"og:site_name\" content=\"Rechtsanwalt Friedrich\" \/>\n<meta property=\"article:publisher\" content=\"https:\/\/www.facebook.com\/Rechtsanwalt-Friedrich-845289699003065\/\" \/>\n<meta property=\"article:modified_time\" content=\"2018-08-15T17:07:09+00:00\" \/>\n<meta name=\"twitter:card\" content=\"summary_large_image\" \/>\n<meta name=\"twitter:label1\" content=\"Gesch\u00e4tzte Lesezeit\" \/>\n\t<meta name=\"twitter:data1\" content=\"1\u00a0Minute\" \/>\n<script type=\"application\/ld+json\" class=\"yoast-schema-graph\">{\"@context\":\"https:\\\/\\\/schema.org\",\"@graph\":[{\"@type\":\"WebPage\",\"@id\":\"https:\\\/\\\/ra-gerdfriedrich.de\\\/?page_id=259\",\"url\":\"https:\\\/\\\/ra-gerdfriedrich.de\\\/?page_id=259\",\"name\":\"Impressum - Rechtsanwalt Friedrich\",\"isPartOf\":{\"@id\":\"https:\\\/\\\/ra-gerdfriedrich.de\\\/#website\"},\"datePublished\":\"2018-08-15T12:26:48+00:00\",\"dateModified\":\"2018-08-15T17:07:09+00:00\",\"description\":\"Rechtsanwalt Friedrich Impressum\",\"breadcrumb\":{\"@id\":\"https:\\\/\\\/ra-gerdfriedrich.de\\\/?page_id=259#breadcrumb\"},\"inLanguage\":\"de\",\"potentialAction\":[{\"@type\":\"ReadAction\",\"target\":[\"https:\\\/\\\/ra-gerdfriedrich.de\\\/?page_id=259\"]}]},{\"@type\":\"BreadcrumbList\",\"@id\":\"https:\\\/\\\/ra-gerdfriedrich.de\\\/?page_id=259#breadcrumb\",\"itemListElement\":[{\"@type\":\"ListItem\",\"position\":1,\"name\":\"Startseite\",\"item\":\"https:\\\/\\\/ra-gerdfriedrich.de\\\/\"},{\"@type\":\"ListItem\",\"position\":2,\"name\":\"Impressum\"}]},{\"@type\":\"WebSite\",\"@id\":\"https:\\\/\\\/ra-gerdfriedrich.de\\\/#website\",\"url\":\"https:\\\/\\\/ra-gerdfriedrich.de\\\/\",\"name\":\"Rechtsanwalt Friedrich\",\"description\":\"professionelle und kompetente Beratung\",\"publisher\":{\"@id\":\"https:\\\/\\\/ra-gerdfriedrich.de\\\/#organization\"},\"potentialAction\":[{\"@type\":\"SearchAction\",\"target\":{\"@type\":\"EntryPoint\",\"urlTemplate\":\"https:\\\/\\\/ra-gerdfriedrich.de\\\/?s={search_term_string}\"},\"query-input\":{\"@type\":\"PropertyValueSpecification\",\"valueRequired\":true,\"valueName\":\"search_term_string\"}}],\"inLanguage\":\"de\"},{\"@type\":\"Organization\",\"@id\":\"https:\\\/\\\/ra-gerdfriedrich.de\\\/#organization\",\"name\":\"Rechtsanwalt Friedrich\",\"url\":\"https:\\\/\\\/ra-gerdfriedrich.de\\\/\",\"logo\":{\"@type\":\"ImageObject\",\"inLanguage\":\"de\",\"@id\":\"https:\\\/\\\/ra-gerdfriedrich.de\\\/#\\\/schema\\\/logo\\\/image\\\/\",\"url\":\"https:\\\/\\\/ra-gerdfriedrich.de\\\/wp-content\\\/uploads\\\/2018\\\/08\\\/N_PR_logo_Friedrich-Rechtsanwaltskanzlei-18-08-13.jpg\",\"contentUrl\":\"https:\\\/\\\/ra-gerdfriedrich.de\\\/wp-content\\\/uploads\\\/2018\\\/08\\\/N_PR_logo_Friedrich-Rechtsanwaltskanzlei-18-08-13.jpg\",\"width\":502,\"height\":206,\"caption\":\"Rechtsanwalt Friedrich\"},\"image\":{\"@id\":\"https:\\\/\\\/ra-gerdfriedrich.de\\\/#\\\/schema\\\/logo\\\/image\\\/\"},\"sameAs\":[\"https:\\\/\\\/www.facebook.com\\\/Rechtsanwalt-Friedrich-845289699003065\\\/\"]}]}<\/script>\n<!-- \/ Yoast SEO plugin. -->","yoast_head_json":{"title":"Impressum - Rechtsanwalt Friedrich","description":"Rechtsanwalt Friedrich Impressum","robots":{"index":"index","follow":"follow","max-snippet":"max-snippet:-1","max-image-preview":"max-image-preview:large","max-video-preview":"max-video-preview:-1"},"canonical":"https:\/\/ra-gerdfriedrich.de\/?page_id=259","og_locale":"de_DE","og_type":"article","og_title":"Impressum - Rechtsanwalt Friedrich","og_description":"Rechtsanwalt Friedrich Impressum","og_url":"https:\/\/ra-gerdfriedrich.de\/?page_id=259","og_site_name":"Rechtsanwalt Friedrich","article_publisher":"https:\/\/www.facebook.com\/Rechtsanwalt-Friedrich-845289699003065\/","article_modified_time":"2018-08-15T17:07:09+00:00","twitter_card":"summary_large_image","twitter_misc":{"Gesch\u00e4tzte Lesezeit":"1\u00a0Minute"},"schema":{"@context":"https:\/\/schema.org","@graph":[{"@type":"WebPage","@id":"https:\/\/ra-gerdfriedrich.de\/?page_id=259","url":"https:\/\/ra-gerdfriedrich.de\/?page_id=259","name":"Impressum - Rechtsanwalt Friedrich","isPartOf":{"@id":"https:\/\/ra-gerdfriedrich.de\/#website"},"datePublished":"2018-08-15T12:26:48+00:00","dateModified":"2018-08-15T17:07:09+00:00","description":"Rechtsanwalt Friedrich Impressum","breadcrumb":{"@id":"https:\/\/ra-gerdfriedrich.de\/?page_id=259#breadcrumb"},"inLanguage":"de","potentialAction":[{"@type":"ReadAction","target":["https:\/\/ra-gerdfriedrich.de\/?page_id=259"]}]},{"@type":"BreadcrumbList","@id":"https:\/\/ra-gerdfriedrich.de\/?page_id=259#breadcrumb","itemListElement":[{"@type":"ListItem","position":1,"name":"Startseite","item":"https:\/\/ra-gerdfriedrich.de\/"},{"@type":"ListItem","position":2,"name":"Impressum"}]},{"@type":"WebSite","@id":"https:\/\/ra-gerdfriedrich.de\/#website","url":"https:\/\/ra-gerdfriedrich.de\/","name":"Rechtsanwalt Friedrich","description":"professionelle und kompetente Beratung","publisher":{"@id":"https:\/\/ra-gerdfriedrich.de\/#organization"},"potentialAction":[{"@type":"SearchAction","target":{"@type":"EntryPoint","urlTemplate":"https:\/\/ra-gerdfriedrich.de\/?s={search_term_string}"},"query-input":{"@type":"PropertyValueSpecification","valueRequired":true,"valueName":"search_term_string"}}],"inLanguage":"de"},{"@type":"Organization","@id":"https:\/\/ra-gerdfriedrich.de\/#organization","name":"Rechtsanwalt Friedrich","url":"https:\/\/ra-gerdfriedrich.de\/","logo":{"@type":"ImageObject","inLanguage":"de","@id":"https:\/\/ra-gerdfriedrich.de\/#\/schema\/logo\/image\/","url":"https:\/\/ra-gerdfriedrich.de\/wp-content\/uploads\/2018\/08\/N_PR_logo_Friedrich-Rechtsanwaltskanzlei-18-08-13.jpg","contentUrl":"https:\/\/ra-gerdfriedrich.de\/wp-content\/uploads\/2018\/08\/N_PR_logo_Friedrich-Rechtsanwaltskanzlei-18-08-13.jpg","width":502,"height":206,"caption":"Rechtsanwalt Friedrich"},"image":{"@id":"https:\/\/ra-gerdfriedrich.de\/#\/schema\/logo\/image\/"},"sameAs":["https:\/\/www.facebook.com\/Rechtsanwalt-Friedrich-845289699003065\/"]}]}},"_links":{"self":[{"href":"https:\/\/ra-gerdfriedrich.de\/index.php?rest_route=\/wp\/v2\/pages\/259","targetHints":{"allow":["GET"]}}],"collection":[{"href":"https:\/\/ra-gerdfriedrich.de\/index.php?rest_route=\/wp\/v2\/pages"}],"about":[{"href":"https:\/\/ra-gerdfriedrich.de\/index.php?rest_route=\/wp\/v2\/types\/page"}],"author":[{"embeddable":true,"href":"https:\/\/ra-gerdfriedrich.de\/index.php?rest_route=\/wp\/v2\/users\/1"}],"replies":[{"embeddable":true,"href":"https:\/\/ra-gerdfriedrich.de\/index.php?rest_route=%2Fwp%2Fv2%2Fcomments&post=259"}],"version-history":[{"count":5,"href":"https:\/\/ra-gerdfriedrich.de\/index.php?rest_route=\/wp\/v2\/pages\/259\/revisions"}],"predecessor-version":[{"id":296,"href":"https:\/\/ra-gerdfriedrich.de\/index.php?rest_route=\/wp\/v2\/pages\/259\/revisions\/296"}],"wp:attachment":[{"href":"https:\/\/ra-gerdfriedrich.de\/index.php?rest_route=%2Fwp%2Fv2%2Fmedia&parent=259"}],"curies":[{"name":"wp","href":"https:\/\/api.w.org\/{rel}","templated":true}]}}